{"id":4448,"date":"2022-03-08T13:40:36","date_gmt":"2022-03-08T12:40:36","guid":{"rendered":"https:\/\/femalestore.pl\/femalewarsaw\/?post_type=product&#038;p=4448"},"modified":"2026-04-18T18:03:12","modified_gmt":"2026-04-18T16:03:12","slug":"body","status":"publish","type":"product","link":"https:\/\/femalestore.pl\/femalewarsaw\/sklep\/body\/","title":{"rendered":"Body"},"content":{"rendered":"<p><\/p>\n<ul>\n<li>Idealny model na\u00a0lato do spodni lub sp\u00f3dnicy.<\/li>\n<li>Body charakteryzuj\u0105 si\u0119 g\u0142\u0119bokim dekoltem na plecach i rami\u0105czkami na krzy\u017c.<\/li>\n<li>Zapinane na napy u do\u0142u.<\/li>\n<li class=\"p1\">Produkt nadaje si\u0119 do prania r\u0119cznego. Prasowa\u0107 par\u0105.\u00a0Nie suszy\u0107 mechanicznie.<\/li>\n<li class=\"p1\">Materia\u0142: \u00a0Bambus, Wiskoza, Cupro<\/li>\n<\/ul>\n<p>Body szyjemy z trzech rodzaj\u00f3w materia\u0142\u00f3w. Dzianina bambusowa w kolorze g\u0142\u0119bokiej czerni, mi\u0119kka, przyjemna w dotyku, lej\u0105ca si\u0119. Cupro, szlachetniejszy materia\u0142 ze struktur\u0105 delikatnego w\u0142oska w kolorze przygaszonej czerni &#8211; grafit. Wiskoza, struktur\u0105 podobna do dzianiny bambusowej, wizualnie podobna do Cupro, kolor grafitowy.<\/p>\n<ul>\n<li class=\"p1\">Produkt dost\u0119pny w rozmiarze: XS, S, M, L.<\/li>\n<li class=\"p1\">Body jest wega\u0144skie, szyte r\u0119cznie w Polsce.<\/li>\n<\/ul>\n<p><\/p>","protected":false},"excerpt":{"rendered":"<p>Idealny model na\u00a0lato do spodni lub sp\u00f3dnicy. Body charakteryzuj\u0105 si\u0119 g\u0142\u0119bokim dekoltem na plecach i rami\u0105czkami na krzy\u017c. Zapinane na napy u do\u0142u. Produkt nadaje si\u0119 do prania r\u0119cznego. Prasowa\u0107 par\u0105.\u00a0Nie suszy\u0107 mechanicznie. Materia\u0142: \u00a0Bambus, Wiskoza, Cupro Body szyjemy z trzech rodzaj\u00f3w materia\u0142\u00f3w. Dzianina bambusowa w kolorze g\u0142\u0119bokiej czerni, mi\u0119kka, przyjemna w dotyku, lej\u0105ca si\u0119. [&hellip;]<\/p>\n","protected":false},"featured_media":6075,"comment_status":"open","ping_status":"closed","template":"","meta":[],"product_cat":[81],"product_tag":[],"_links":{"self":[{"href":"https:\/\/femalestore.pl\/femalewarsaw\/wp-json\/wp\/v2\/product\/4448"}],"collection":[{"href":"https:\/\/femalestore.pl\/femalewarsaw\/wp-json\/wp\/v2\/product"}],"about":[{"href":"https:\/\/femalestore.pl\/femalewarsaw\/wp-json\/wp\/v2\/types\/product"}],"replies":[{"embeddable":true,"href":"https:\/\/femalestore.pl\/femalewarsaw\/wp-json\/wp\/v2\/comments?post=4448"}],"wp:featuredmedia":[{"embeddable":true,"href":"https:\/\/femalestore.pl\/femalewarsaw\/wp-json\/wp\/v2\/media\/6075"}],"wp:attachment":[{"href":"https:\/\/femalestore.pl\/femalewarsaw\/wp-json\/wp\/v2\/media?parent=4448"}],"wp:term":[{"taxonomy":"product_cat","embeddable":true,"href":"https:\/\/femalestore.pl\/femalewarsaw\/wp-json\/wp\/v2\/product_cat?post=4448"},{"taxonomy":"product_tag","embeddable":true,"href":"https:\/\/femalestore.pl\/femalewarsaw\/wp-json\/wp\/v2\/product_tag?post=4448"}],"curies":[{"name":"wp","href":"https:\/\/api.w.org\/{rel}","templated":true}]}}