{"id":6102,"date":"2023-09-21T13:37:38","date_gmt":"2023-09-21T11:37:38","guid":{"rendered":"https:\/\/femalestore.pl\/femalewarsaw\/?post_type=product&#038;p=6102"},"modified":"2025-06-05T09:41:56","modified_gmt":"2025-06-05T07:41:56","slug":"cannes-dress","status":"publish","type":"product","link":"https:\/\/femalestore.pl\/femalewarsaw\/sklep\/cannes-dress\/","title":{"rendered":"Cannes Dress"},"content":{"rendered":"<p>&nbsp;<\/p>\n<ul>\n<li class=\"p1\">Idealny model zar\u00f3wno na eleganckie wyj\u015bcia, wakacje jak i wesele.<\/li>\n<li class=\"p1\">Sukienka charakteryzuje si\u0119 g\u0142\u0119bokim dekoltem na plecach.<\/li>\n<li class=\"p1\">Produkt nadaje pranie r\u0119cznego w zimnej wodzie. Prasowa\u0107 par\u0105.\u00a0Nie suszy\u0107 mechanicznie.<\/li>\n<li class=\"p1\">Materia\u0142: Cupro<\/li>\n<\/ul>\n<ul>\n<li class=\"p1\">Produkt dost\u0119pny w rozmiarze Onesize<\/li>\n<li class=\"p1\">Sukienka\u00a0jest szyta r\u0119cznie w Polsce.<\/li>\n<\/ul>\n<p><\/p>","protected":false},"excerpt":{"rendered":"<p>&nbsp; Idealny model zar\u00f3wno na eleganckie wyj\u015bcia, wakacje jak i wesele. Sukienka charakteryzuje si\u0119 g\u0142\u0119bokim dekoltem na plecach. Produkt nadaje pranie r\u0119cznego w zimnej wodzie. Prasowa\u0107 par\u0105.\u00a0Nie suszy\u0107 mechanicznie. Materia\u0142: Cupro Produkt dost\u0119pny w rozmiarze Onesize Sukienka\u00a0jest szyta r\u0119cznie w Polsce.<\/p>\n","protected":false},"featured_media":5988,"comment_status":"open","ping_status":"closed","template":"","meta":[],"product_cat":[81,82],"product_tag":[],"_links":{"self":[{"href":"https:\/\/femalestore.pl\/femalewarsaw\/wp-json\/wp\/v2\/product\/6102"}],"collection":[{"href":"https:\/\/femalestore.pl\/femalewarsaw\/wp-json\/wp\/v2\/product"}],"about":[{"href":"https:\/\/femalestore.pl\/femalewarsaw\/wp-json\/wp\/v2\/types\/product"}],"replies":[{"embeddable":true,"href":"https:\/\/femalestore.pl\/femalewarsaw\/wp-json\/wp\/v2\/comments?post=6102"}],"wp:featuredmedia":[{"embeddable":true,"href":"https:\/\/femalestore.pl\/femalewarsaw\/wp-json\/wp\/v2\/media\/5988"}],"wp:attachment":[{"href":"https:\/\/femalestore.pl\/femalewarsaw\/wp-json\/wp\/v2\/media?parent=6102"}],"wp:term":[{"taxonomy":"product_cat","embeddable":true,"href":"https:\/\/femalestore.pl\/femalewarsaw\/wp-json\/wp\/v2\/product_cat?post=6102"},{"taxonomy":"product_tag","embeddable":true,"href":"https:\/\/femalestore.pl\/femalewarsaw\/wp-json\/wp\/v2\/product_tag?post=6102"}],"curies":[{"name":"wp","href":"https:\/\/api.w.org\/{rel}","templated":true}]}}