{"id":6128,"date":"2023-09-21T14:22:25","date_gmt":"2023-09-21T12:22:25","guid":{"rendered":"https:\/\/femalestore.pl\/femalewarsaw\/?post_type=product&#038;p=6128"},"modified":"2025-05-09T17:27:20","modified_gmt":"2025-05-09T15:27:20","slug":"crossed-casablanca-jumpsuit","status":"publish","type":"product","link":"https:\/\/femalestore.pl\/femalewarsaw\/sklep\/crossed-casablanca-jumpsuit\/","title":{"rendered":"Crossed Casablanca Jumpsuit"},"content":{"rendered":"<p>&nbsp;<\/p>\n<ul>\n<li>Idealny model na\u00a0lato i szczeg\u00f3lne okazje.<\/li>\n<li>Kombinezon zaprojektowany na wz\u00f3r naszej bestsellerowej sukienki Crossed Casablanca Maxi. charakteryzuje si\u0119 g\u0142\u0119bokim dekoltem na plecach i rami\u0105czkami na krzy\u017c.<\/li>\n<li>Produkt nadaje si\u0119 do prania r\u0119cznego. Prasowa\u0107 par\u0105.\u00a0Nie suszy\u0107 mechanicznie.<\/li>\n<li>Materia\u0142: Modal lub Cupro<\/li>\n<li class=\"p1\">Sukienk\u0119 szyjemy z kilku rodzaj\u00f3w materia\u0142\u00f3w. Modal, czyli dzianina wiskozowa w kolorze przygaszonej czerni (grafitowym), mi\u0119kka, przyjemna w dotyku, lej\u0105ca si\u0119. Tkanina cupro, sztywniejszy szlachetniejszy materia\u0142 ze struktur\u0105 delikatnego w\u0142oska w kolorze czarnym. Dzianina Cupro, czyli elastyczny, przyjemny w dotyku szlachetny materia\u0142 ze struktur\u0105 w\u0142oska w kolorze grafitowym.<\/li>\n<li class=\"p1\">Produkt dost\u0119pny w rozmiarze: XS, S, M, L.<\/li>\n<li class=\"p1\">Kombinezon jest wega\u0144ski, szyty r\u0119cznie w Polsce.<\/li>\n<\/ul>\n<p><\/p>","protected":false},"excerpt":{"rendered":"<p>&nbsp; Idealny model na\u00a0lato i szczeg\u00f3lne okazje. Kombinezon zaprojektowany na wz\u00f3r naszej bestsellerowej sukienki Crossed Casablanca Maxi. charakteryzuje si\u0119 g\u0142\u0119bokim dekoltem na plecach i rami\u0105czkami na krzy\u017c. Produkt nadaje si\u0119 do prania r\u0119cznego. Prasowa\u0107 par\u0105.\u00a0Nie suszy\u0107 mechanicznie. Materia\u0142: Modal lub Cupro Sukienk\u0119 szyjemy z kilku rodzaj\u00f3w materia\u0142\u00f3w. Modal, czyli dzianina wiskozowa w kolorze przygaszonej czerni [&hellip;]<\/p>\n","protected":false},"featured_media":5970,"comment_status":"open","ping_status":"closed","template":"","meta":[],"product_cat":[81,82],"product_tag":[],"_links":{"self":[{"href":"https:\/\/femalestore.pl\/femalewarsaw\/wp-json\/wp\/v2\/product\/6128"}],"collection":[{"href":"https:\/\/femalestore.pl\/femalewarsaw\/wp-json\/wp\/v2\/product"}],"about":[{"href":"https:\/\/femalestore.pl\/femalewarsaw\/wp-json\/wp\/v2\/types\/product"}],"replies":[{"embeddable":true,"href":"https:\/\/femalestore.pl\/femalewarsaw\/wp-json\/wp\/v2\/comments?post=6128"}],"wp:featuredmedia":[{"embeddable":true,"href":"https:\/\/femalestore.pl\/femalewarsaw\/wp-json\/wp\/v2\/media\/5970"}],"wp:attachment":[{"href":"https:\/\/femalestore.pl\/femalewarsaw\/wp-json\/wp\/v2\/media?parent=6128"}],"wp:term":[{"taxonomy":"product_cat","embeddable":true,"href":"https:\/\/femalestore.pl\/femalewarsaw\/wp-json\/wp\/v2\/product_cat?post=6128"},{"taxonomy":"product_tag","embeddable":true,"href":"https:\/\/femalestore.pl\/femalewarsaw\/wp-json\/wp\/v2\/product_tag?post=6128"}],"curies":[{"name":"wp","href":"https:\/\/api.w.org\/{rel}","templated":true}]}}