{"id":1271,"date":"2021-12-08T14:15:35","date_gmt":"2021-12-08T13:15:35","guid":{"rendered":"https:\/\/femalestore.pl\/magalipascal\/?post_type=product&#038;p=1271"},"modified":"2026-02-26T20:51:09","modified_gmt":"2026-02-26T19:51:09","slug":"annely-dress-2","status":"publish","type":"product","link":"https:\/\/femalestore.pl\/magalipascal\/sklep\/annely-dress-2\/","title":{"rendered":"Annely Dress"},"content":{"rendered":"<p><\/p>\n<div class=\"J0lOec\">\n<p>Wykonana z koronki i szyfonu sukienka Annely jest \u015bwiadectwem koncentracji marki na rzemio\u015ble, \u0142\u0105cz\u0105c delikatne tkaniny. Ten model jest zaprojektowany z dopasowanym paskiem, kt\u00f3ry uzupe\u0142nia d\u0142ugie r\u0119kawy w stylu dzwonka i charakterystycznymi marszczeniami wok\u00f3\u0142 szyi, r\u0119kaw\u00f3w i do\u0142u.<\/p>\n<p>Dopasowana talia<\/p>\n<p>Wyko\u0144czenie z charakterystycznej koronki<\/p>\n<p>D\u0142ugie r\u0119kawy<\/p>\n<\/div>\n<div class=\"J0lOec\">\n<p>&nbsp;<\/p>\n<p>Sk\u0142ad i piel\u0119gnacja:<\/p>\n<p>Wiskoza GST<\/p>\n<p>Pranie r\u0119czne. Nie wybiela\u0107. Prasowanie w niskiej temperaturze na odwrocie. Nie suszy\u0107 w suszarce.<\/p>\n<\/div>\n<p>Nale\u017cy unika\u0107 tarcia o szorstkie powierzchnie i uwa\u017ca\u0107 podczas noszenia bi\u017cuterii, aby unikn\u0105\u0107 zaci\u0105gni\u0119cia lub rozdarcia tkaniny.<\/p>\n<p>&nbsp;<\/p>\n<p>Modelka ma 177 cm i ma na sobie rozmiar S<\/p>\n<p>Skorzystaj z naszego przewodnika, aby znale\u017a\u0107 najlepszy rozmiar.<\/p>\n<div class=\"rte__table-wrapper\">\n<table style=\"height: 296px;\" width=\"820\">\n<tbody>\n<tr>\n<td><\/td>\n<td>Biust<br \/>\n(cm)<\/td>\n<td>Talia<br \/>\n(cm)<\/td>\n<td>Biodra<br \/>\n(cm)<\/td>\n<td>Biust<br \/>\n(in)<\/td>\n<td>Talia<br \/>\n(in)<\/td>\n<td>Biodra<br \/>\n(in)<\/td>\n<\/tr>\n<tr>\n<td><\/td>\n<td><\/td>\n<td><\/td>\n<td><\/td>\n<td><\/td>\n<td><\/td>\n<td><\/td>\n<\/tr>\n<tr>\n<td>XS<\/td>\n<td>84<\/td>\n<td>64<\/td>\n<td>90<\/td>\n<td>33<\/td>\n<td>25<\/td>\n<td>35.5<\/td>\n<\/tr>\n<tr>\n<td><\/td>\n<td><\/td>\n<td><\/td>\n<td><\/td>\n<td><\/td>\n<td><\/td>\n<td><\/td>\n<\/tr>\n<tr>\n<td>S<\/td>\n<td>88<\/td>\n<td>68<\/td>\n<td>94<\/td>\n<td>34.5<\/td>\n<td>26.5<\/td>\n<td>37<\/td>\n<\/tr>\n<tr>\n<td><\/td>\n<td><\/td>\n<td><\/td>\n<td><\/td>\n<td><\/td>\n<td><\/td>\n<td><\/td>\n<\/tr>\n<tr>\n<td>M<\/td>\n<td>92<\/td>\n<td>72<\/td>\n<td>98<\/td>\n<td>36<\/td>\n<td>28.5<\/td>\n<td>38.5<\/td>\n<\/tr>\n<tr>\n<td><\/td>\n<td><\/td>\n<td><\/td>\n<td><\/td>\n<td><\/td>\n<td><\/td>\n<td><\/td>\n<\/tr>\n<tr>\n<td>L<\/td>\n<td>96<\/td>\n<td>76<\/td>\n<td>102<\/td>\n<td>38<\/td>\n<td>30<\/td>\n<td>40<\/td>\n<\/tr>\n<\/tbody>\n<\/table>\n<\/div>\n<p data-empty=\"true\">\n<p><\/p>","protected":false},"excerpt":{"rendered":"<p>Wykonana z koronki i szyfonu sukienka Annely jest \u015bwiadectwem koncentracji marki na rzemio\u015ble, \u0142\u0105cz\u0105c delikatne tkaniny. Ten model jest zaprojektowany z dopasowanym paskiem, kt\u00f3ry uzupe\u0142nia d\u0142ugie r\u0119kawy w stylu dzwonka i charakterystycznymi marszczeniami wok\u00f3\u0142 szyi, r\u0119kaw\u00f3w i do\u0142u. Dopasowana talia Wyko\u0144czenie z charakterystycznej koronki D\u0142ugie r\u0119kawy &nbsp; Sk\u0142ad i piel\u0119gnacja: Wiskoza GST Pranie r\u0119czne. Nie [&hellip;]<\/p>\n","protected":false},"featured_media":1200,"comment_status":"open","ping_status":"closed","template":"","meta":[],"product_cat":[33,18],"product_tag":[],"_links":{"self":[{"href":"https:\/\/femalestore.pl\/magalipascal\/wp-json\/wp\/v2\/product\/1271"}],"collection":[{"href":"https:\/\/femalestore.pl\/magalipascal\/wp-json\/wp\/v2\/product"}],"about":[{"href":"https:\/\/femalestore.pl\/magalipascal\/wp-json\/wp\/v2\/types\/product"}],"replies":[{"embeddable":true,"href":"https:\/\/femalestore.pl\/magalipascal\/wp-json\/wp\/v2\/comments?post=1271"}],"wp:featuredmedia":[{"embeddable":true,"href":"https:\/\/femalestore.pl\/magalipascal\/wp-json\/wp\/v2\/media\/1200"}],"wp:attachment":[{"href":"https:\/\/femalestore.pl\/magalipascal\/wp-json\/wp\/v2\/media?parent=1271"}],"wp:term":[{"taxonomy":"product_cat","embeddable":true,"href":"https:\/\/femalestore.pl\/magalipascal\/wp-json\/wp\/v2\/product_cat?post=1271"},{"taxonomy":"product_tag","embeddable":true,"href":"https:\/\/femalestore.pl\/magalipascal\/wp-json\/wp\/v2\/product_tag?post=1271"}],"curies":[{"name":"wp","href":"https:\/\/api.w.org\/{rel}","templated":true}]}}