{"id":908,"date":"2021-05-26T15:07:04","date_gmt":"2021-05-26T13:07:04","guid":{"rendered":"https:\/\/femalestore.pl\/magalipascal\/?post_type=product&#038;p=908"},"modified":"2026-02-26T20:57:40","modified_gmt":"2026-02-26T19:57:40","slug":"stevie-pants","status":"publish","type":"product","link":"https:\/\/femalestore.pl\/magalipascal\/sklep\/stevie-pants\/","title":{"rendered":"Stevie Pants"},"content":{"rendered":"<p><\/p>\n<div class=\"J0lOec\">\n<div class=\"dePhmb\">\n<div class=\"eyKpYb\" data-language=\"pl\" data-original-language=\"en\" data-result-index=\"0\">\n<div class=\"J0lOec\"><span class=\"VIiyi\" lang=\"pl\"><span class=\"JLqJ4b ChMk0b\" data-language-for-alternatives=\"pl\" data-language-to-translate-into=\"en\" data-phrase-index=\"0\">Spodnie Stevie maj\u0105 du\u017ce naszywane kieszenie z zapi\u0119ciem na klamry i pasek z tego samego materia\u0142u. S<\/span><\/span><span class=\"VIiyi\" lang=\"pl\"><span class=\"JLqJ4b ChMk0b\" data-language-for-alternatives=\"pl\" data-language-to-translate-into=\"en\" data-phrase-index=\"0\">podnie mo\u017cna nosi\u0107 zar\u00f3wno z wysokim stanem, jak i na biodrach, w zale\u017cno\u015bci od po\u017c\u0105danego wygl\u0105du. <\/span><\/span><\/div>\n<\/div>\n<\/div>\n<p>Talia a&#8217;la &#8220;Paperbag&#8221;<br \/>\nW zestawie pasek z tego samego materia\u0142u<br \/>\nDu\u017ce naszywane kieszenie z przodu i z ty\u0142u<br \/>\nZapi\u0119cia na klamry<\/p>\n<\/div>\n<div><\/div>\n<div>Modelka ma 180 cm i ma na sobie rozmiar S<\/div>\n<div><\/div>\n<p>Sk\u0142ad\u00a0i piel\u0119gnacja:<\/p>\n<p>Tkaninina bawe\u0142niana<\/p>\n<p>Delikatnie pra\u0107 w pralce na zimno.<\/p>\n<p>Nale\u017cy unika\u0107 tarcia o szorstkie powierzchnie i uwa\u017ca\u0107 podczas noszenia bi\u017cuterii, aby unikn\u0105\u0107 zaci\u0105gni\u0119cia lub rozdarcia tkaniny.<\/p>\n<p>Skorzystaj z naszego przewodnika, aby znale\u017a\u0107 najlepszy rozmiar.<\/p>\n<div class=\"rte__table-wrapper\">\n<table style=\"height: 296px;\" width=\"820\">\n<tbody>\n<tr>\n<td><\/td>\n<td>Biust<br \/>\n(cm)<\/td>\n<td>Talia<br \/>\n(cm)<\/td>\n<td>Biodra<br \/>\n(cm)<\/td>\n<td>Biust<br \/>\n(in)<\/td>\n<td>Talia<br \/>\n(in)<\/td>\n<td>Biodra<br \/>\n(in)<\/td>\n<\/tr>\n<tr>\n<td><\/td>\n<td><\/td>\n<td><\/td>\n<td><\/td>\n<td><\/td>\n<td><\/td>\n<td><\/td>\n<\/tr>\n<tr>\n<td>XS<\/td>\n<td>84<\/td>\n<td>64<\/td>\n<td>90<\/td>\n<td>33<\/td>\n<td>25<\/td>\n<td>35.5<\/td>\n<\/tr>\n<tr>\n<td><\/td>\n<td><\/td>\n<td><\/td>\n<td><\/td>\n<td><\/td>\n<td><\/td>\n<td><\/td>\n<\/tr>\n<tr>\n<td>S<\/td>\n<td>88<\/td>\n<td>68<\/td>\n<td>94<\/td>\n<td>34.5<\/td>\n<td>26.5<\/td>\n<td>37<\/td>\n<\/tr>\n<tr>\n<td><\/td>\n<td><\/td>\n<td><\/td>\n<td><\/td>\n<td><\/td>\n<td><\/td>\n<td><\/td>\n<\/tr>\n<tr>\n<td>M<\/td>\n<td>92<\/td>\n<td>72<\/td>\n<td>98<\/td>\n<td>36<\/td>\n<td>28.5<\/td>\n<td>38.5<\/td>\n<\/tr>\n<tr>\n<td><\/td>\n<td><\/td>\n<td><\/td>\n<td><\/td>\n<td><\/td>\n<td><\/td>\n<td><\/td>\n<\/tr>\n<tr>\n<td>L<\/td>\n<td>96<\/td>\n<td>76<\/td>\n<td>102<\/td>\n<td>38<\/td>\n<td>30<\/td>\n<td>40<\/td>\n<\/tr>\n<\/tbody>\n<\/table>\n<\/div>\n<p data-empty=\"true\">\n<p><\/p>","protected":false},"excerpt":{"rendered":"<p>Spodnie Stevie maj\u0105 du\u017ce naszywane kieszenie z zapi\u0119ciem na klamry i pasek z tego samego materia\u0142u. Spodnie mo\u017cna nosi\u0107 zar\u00f3wno z wysokim stanem, jak i na biodrach, w zale\u017cno\u015bci od po\u017c\u0105danego wygl\u0105du. Talia a&#8217;la &#8220;Paperbag&#8221; W zestawie pasek z tego samego materia\u0142u Du\u017ce naszywane kieszenie z przodu i z ty\u0142u Zapi\u0119cia na klamry Modelka ma [&hellip;]<\/p>\n","protected":false},"featured_media":913,"comment_status":"open","ping_status":"closed","template":"","meta":[],"product_cat":[30,18],"product_tag":[],"_links":{"self":[{"href":"https:\/\/femalestore.pl\/magalipascal\/wp-json\/wp\/v2\/product\/908"}],"collection":[{"href":"https:\/\/femalestore.pl\/magalipascal\/wp-json\/wp\/v2\/product"}],"about":[{"href":"https:\/\/femalestore.pl\/magalipascal\/wp-json\/wp\/v2\/types\/product"}],"replies":[{"embeddable":true,"href":"https:\/\/femalestore.pl\/magalipascal\/wp-json\/wp\/v2\/comments?post=908"}],"wp:featuredmedia":[{"embeddable":true,"href":"https:\/\/femalestore.pl\/magalipascal\/wp-json\/wp\/v2\/media\/913"}],"wp:attachment":[{"href":"https:\/\/femalestore.pl\/magalipascal\/wp-json\/wp\/v2\/media?parent=908"}],"wp:term":[{"taxonomy":"product_cat","embeddable":true,"href":"https:\/\/femalestore.pl\/magalipascal\/wp-json\/wp\/v2\/product_cat?post=908"},{"taxonomy":"product_tag","embeddable":true,"href":"https:\/\/femalestore.pl\/magalipascal\/wp-json\/wp\/v2\/product_tag?post=908"}],"curies":[{"name":"wp","href":"https:\/\/api.w.org\/{rel}","templated":true}]}}