{"id":936,"date":"2021-05-27T14:11:35","date_gmt":"2021-05-27T12:11:35","guid":{"rendered":"https:\/\/femalestore.pl\/magalipascal\/?post_type=product&#038;p=936"},"modified":"2024-07-03T17:20:19","modified_gmt":"2024-07-03T15:20:19","slug":"dylan-shirt","status":"publish","type":"product","link":"https:\/\/femalestore.pl\/magalipascal\/sklep\/dylan-shirt\/","title":{"rendered":"Dylan Shirt"},"content":{"rendered":"<p><\/p>\n<div class=\"J0lOec\">\n<p>Koszula Dylan jest wykonana z bawe\u0142nianego jedwabiu. Posiada podw\u00f3jne zapi\u0119cie na guziki z przodu. naszywane przednie kieszenie. Mo\u017cna nosi\u0107 j\u0105 lu\u017ano do w\u0105skich spodni lub schowan\u0105 w d\u017cinsach z wysokim stanem, aby uzyska\u0107 swobodny wygl\u0105d. Koszula ma lu\u017any kr\u00f3j, wi\u0119c je\u015bli jeste\u015b pomi\u0119dzy rozmiarami, zalecamy wybra\u0107 mniejszy.<\/p>\n<\/div>\n<div><\/div>\n<div>Modelka ma 180 cm i ma na sobie rozmiar S<\/div>\n<div><\/div>\n<p>Sk\u0142ad\u00a0i piel\u0119gnacja:<\/p>\n<p>Bawe\u0142niany jedwab<\/p>\n<p>Zalecane pranie chemiczne. Nie suszy\u0107 w suszarce.<br \/>\nNale\u017cy unika\u0107 tarcia o szorstkie powierzchnie i uwa\u017ca\u0107 podczas noszenia bi\u017cuterii, aby unikn\u0105\u0107 zaci\u0105gni\u0119cia lub rozdarcia tkaniny.<\/p>\n<p>Skorzystaj z naszego przewodnika, aby znale\u017a\u0107 najlepszy rozmiar.<\/p>\n<div class=\"rte__table-wrapper\">\n<table style=\"height: 296px;\" width=\"820\">\n<tbody>\n<tr>\n<td><\/td>\n<td>Biust<br \/>\n(cm)<\/td>\n<td>Talia<br \/>\n(cm)<\/td>\n<td>Biodra<br \/>\n(cm)<\/td>\n<td>Biust<br \/>\n(in)<\/td>\n<td>Talia<br \/>\n(in)<\/td>\n<td>Biodra<br \/>\n(in)<\/td>\n<\/tr>\n<tr>\n<td><\/td>\n<td><\/td>\n<td><\/td>\n<td><\/td>\n<td><\/td>\n<td><\/td>\n<td><\/td>\n<\/tr>\n<tr>\n<td>XS<\/td>\n<td>84<\/td>\n<td>64<\/td>\n<td>90<\/td>\n<td>33<\/td>\n<td>25<\/td>\n<td>35.5<\/td>\n<\/tr>\n<tr>\n<td><\/td>\n<td><\/td>\n<td><\/td>\n<td><\/td>\n<td><\/td>\n<td><\/td>\n<td><\/td>\n<\/tr>\n<tr>\n<td>S<\/td>\n<td>88<\/td>\n<td>68<\/td>\n<td>94<\/td>\n<td>34.5<\/td>\n<td>26.5<\/td>\n<td>37<\/td>\n<\/tr>\n<tr>\n<td><\/td>\n<td><\/td>\n<td><\/td>\n<td><\/td>\n<td><\/td>\n<td><\/td>\n<td><\/td>\n<\/tr>\n<tr>\n<td>M<\/td>\n<td>92<\/td>\n<td>72<\/td>\n<td>98<\/td>\n<td>36<\/td>\n<td>28.5<\/td>\n<td>38.5<\/td>\n<\/tr>\n<tr>\n<td><\/td>\n<td><\/td>\n<td><\/td>\n<td><\/td>\n<td><\/td>\n<td><\/td>\n<td><\/td>\n<\/tr>\n<tr>\n<td>L<\/td>\n<td>96<\/td>\n<td>76<\/td>\n<td>102<\/td>\n<td>38<\/td>\n<td>30<\/td>\n<td>40<\/td>\n<\/tr>\n<\/tbody>\n<\/table>\n<\/div>\n<p data-empty=\"true\">\n<p><\/p>","protected":false},"excerpt":{"rendered":"<p>Koszula Dylan jest wykonana z bawe\u0142nianego jedwabiu. Posiada podw\u00f3jne zapi\u0119cie na guziki z przodu. naszywane przednie kieszenie. Mo\u017cna nosi\u0107 j\u0105 lu\u017ano do w\u0105skich spodni lub schowan\u0105 w d\u017cinsach z wysokim stanem, aby uzyska\u0107 swobodny wygl\u0105d. Koszula ma lu\u017any kr\u00f3j, wi\u0119c je\u015bli jeste\u015b pomi\u0119dzy rozmiarami, zalecamy wybra\u0107 mniejszy. Modelka ma 180 cm i ma na sobie [&hellip;]<\/p>\n","protected":false},"featured_media":942,"comment_status":"open","ping_status":"closed","template":"","meta":[],"product_cat":[30,18],"product_tag":[],"_links":{"self":[{"href":"https:\/\/femalestore.pl\/magalipascal\/wp-json\/wp\/v2\/product\/936"}],"collection":[{"href":"https:\/\/femalestore.pl\/magalipascal\/wp-json\/wp\/v2\/product"}],"about":[{"href":"https:\/\/femalestore.pl\/magalipascal\/wp-json\/wp\/v2\/types\/product"}],"replies":[{"embeddable":true,"href":"https:\/\/femalestore.pl\/magalipascal\/wp-json\/wp\/v2\/comments?post=936"}],"wp:featuredmedia":[{"embeddable":true,"href":"https:\/\/femalestore.pl\/magalipascal\/wp-json\/wp\/v2\/media\/942"}],"wp:attachment":[{"href":"https:\/\/femalestore.pl\/magalipascal\/wp-json\/wp\/v2\/media?parent=936"}],"wp:term":[{"taxonomy":"product_cat","embeddable":true,"href":"https:\/\/femalestore.pl\/magalipascal\/wp-json\/wp\/v2\/product_cat?post=936"},{"taxonomy":"product_tag","embeddable":true,"href":"https:\/\/femalestore.pl\/magalipascal\/wp-json\/wp\/v2\/product_tag?post=936"}],"curies":[{"name":"wp","href":"https:\/\/api.w.org\/{rel}","templated":true}]}}